 - 2*c + 1. Let w be j(0). Let i be o(w). What is q(i)?
14
Let f(n) = n**2 + 3*n + 51. Let y be f(0). Let l = -55 + y. Let w(k) = -k**3 - 6*k**2 - 5*k - 1. Determine w(l).
-13
Let k(l) = -2*l**3 + 4*l**2 - 3*l - 4. Let y = -1501 - -1504. Give k(y).
-31
Suppose -2*b - l + 5 = -b, -4*b - 3*l = -24. Let v(p) = p**2 - 9*p - 5. What is v(b)?
-5
Let p(m) = m - 7. Let a = -85 + 88. Suppose -a*u = j + 2*u - 20, 5*u = -2*j + 20. Give p(j).
-7
Let z be 117/6*8/12. Let t = -9 + z. Let c(i) = -6*i + 7. Let a(y) = -17*y + 20. Let j(n) = -4*a(n) + 11*c(n). Determine j(t).
5
Let k(c) = -c**3 + 4*c**2 - 3*c + 1. Suppose -z - 19 = -2*l, -3*l = 2*z - 28 + 10. Let b be -1 + (l - 2) - 2. Give k(b).
1
Let b(i) = -2*i - 3*i**2 + 14 + 2*i - 15. Give b(-3).
-28
Let q = 5 + 7. Let m = q - 8. Let s(f) = 0*f + 4 + 0*f - 5*f + m*f. What is s(5)?
-1
Let x(w) = 3*w - 3. Let y = 136 - 96. Let p = y - 47. Determine x(p).
-24
Let f(p) be the second derivative of p**6/360 + p**5/60 - 5*p**4/24 - 2*p**3 - 30*p. Let b(q) be the second derivative of f(q). Give b(-4).
3
Let h(s) = -s**2 + 8*s + 27. Let r(u) = -2*u**2 + 17*u + 50. Let a(x) = -7*h(x) + 4*r(x). What is a(8)?
43
Let q(i) = i**3 - 10*i**2 - 12*i + 17. Let t be q(11). Let f(r) be the third derivative of -r**4/12 + 4*r**3/3 - 6*r**2. Calculate f(t).
-4
Let l(n) be the first derivative of -n**4/4 + 22*n**3/3 + 25*n**2/2 - 33*n - 502. Determine l(23).
13
Suppose 7 = -4*k - 3*d, 2*d = 2*k - 22 + 8. Suppose -k*t - 48 = 2*t. Let m = -9 - t. Let s(a) = a + 3. What is s(m)?
6
Let l(s) be the third derivative of s**6/360 + s**5/30 + s**4/6 + 5*s**3/6 + 23*s**2. Let b(z) be the first derivative of l(z). Calculate b(-4).
4
Suppose -5*h = -5*r + 25, r + 16 = 4*r - 4*h. Let m(k) = 2*k + 6*k - r + 4. Suppose 3*o = 6, 2*o = -4*v - 3*o + 14. Determine m(v).
8
Let f(c) = -23*c**2 + 17 - 13 + 6*c**2 + 5*c. Let b(i) = -18*i**2 + 6*i + 5. Let r(m) = -5*b(m) + 6*f(m). Suppose 0 = -3*o - 2 - 1. Calculate r(o).
-13
Let c(k) be the second derivative of k**4/24 - 13*k**3/6 - 15*k**2/2 + 8*k. Let q(n) be the first derivative of c(n). Determine q(7).
-6
Let q(w) = 3*w - 7 + w**2 - 2*w - 2*w. Let v = -6 + -65. Let b = -71 - v. Calculate q(b).
-7
Let z(p) = 2*p**2 - 2*p. Let g = 108 - 103. Suppose 0 = g*v + 4*y - 6, v + 7 = 2*v - 5*y. Determine z(v).
4
Suppose 4 = -3*b + 2*t, -9*b - t = -4*b - 15. Let a(s) = 8*s + 4 - 2*s**2 + 8*s**2 - 5*s**b. What is a(-6)?
-8
Let f(g) = 2*g - 3. Let d be 4/12 - 28/(-6). Suppose d*i - h - 30 = -0*h, 0 = i + 2*h + 5. Determine f(i).
7
Let n(x) = -x**2 + 6*x + 4. Suppose 4*g + 16*l + 10 = 14*l, l = 3. What is n(g)?
-36
Let t(v) = 8*v - 10. Let a be t(2). Suppose 11*f = a*f - 5. Let g(k) be the third derivative of k**6/30 - k**5/60 + k**4/24 + k**3/6 - k**2. Calculate g(f).
-5
Suppose 0 = 2*c - 6*c - 20, 3*x = 2*c - 14. Let p be ((-2)/1)/(-4*(-1)/x). Let d(n) = -n + 7. Calculate d(p).
3
Let b be ((-24)/14)/((-44)/154). Let v(j) = b*j + j - 2*j**3 - 5*j + 0*j**3 - 1. Give v(1).
-1
Let h(k) = 2*k**2 + k + 1. Let u(w) = -19. Let r(b) = -b - 1. Let j(g) = 2*r(g) + u(g). Let n be j(-9). Give h(n).
16
Suppose z = -0*z + 2. Suppose -36 = -2*p - 0*p - 4*v, -3*p + 34 = z*v. Let h(u) = -u + 16. What is h(p)?
8
Let x(b) be the first derivative of 7*b**3 + 2*b**2 - 7*b - 18. Let d(o) = 10*o**2 + 2*o - 3. Let i(u) = -9*d(u) + 4*x(u). Let g = 1 + -2. Determine i(g).
-5
Let j(b) = -6*b + 13. Let z(w) = 7*w - 15. Let o(l) = -5*j(l) - 4*z(l). What is o(2)?
-1
Let g(z) = z**3 - 6*z**2 - 7*z + 6. Suppose -336 = -5*a + 13*a. Let c = a - -49. What is g(c)?
6
Let n(h) = 3*h**2 + 3*h + 8. Let g(u) = -u**2 + u - 1. Let v(r) = 2*g(r) + n(r). Let p be v(-4). Let l(q) = -2 + p*q - 2 + 0*q. Calculate l(-6).
-16
Let n(y) = y**3 - 11*y**2 + 10*y - 5. Let d be n(10). Let m be (-10)/d*10/4. Let u(p) = -3*p + p - m + 6 + p. Determine u(2).
-1
Let o(b) = -7*b**2 - 10*b + 2. Let k(l) = -3*l**2 - 4*l + 1. Let c(j) = -5*k(j) + 2*o(j). Let s = -7 - -4. Give c(s).
8
Let a(c) be the second derivative of -c**5/20 - c**4/3 + 2*c**3/3 - 3*c**2/2 - 340*c. Let q = -2 + 4. What is a(q)?
-19
Let b(o) = 2*o**2 - 5*o + 4. Let n(z) = 1. Let c = -63 - -58. Let u(i) = c*n(i) + b(i). Give u(4).
11
Let p(i) = -i**2 + 8*i + 1. Suppose 0 = 8*s - 27 - 21. Give p(s).
13
Let z(n) be the first derivative of -n**2/2 - 10*n - 456. What is z(-13)?
3
Let a = -1 - 1. Let y(p) = 66*p + 76*p - 143*p. Calculate y(a).
2
Suppose -150*g = -149*g - 1. Let k(d) = -19*d**3 - d**2 + d - 1. Calculate k(g).
-20
Let p(r) = r**3 + 8*r**2 + 10*r + 17. Let x be p(-7). Let d be 4 + x - 0 - (7 - 1). Let m(j) = -j**3 - 5*j**2 + 3*j - 3. What is m(d)?
15
Let w(g) = g**3 + g**2 - 5*g - 8. Let y(a) = a**2 + a. Let x(q) = -w(q) - 6*y(q). Suppose -28 = 10*b + 42. What is x(b)?
15
Let u(g) = 4*g**2 + 1 - 3*g**2 - 6*g - 7. Suppose 5*b + 5*d = 30, 2*d + 2 = -5*b + 32. Give u(b).
-6
Let l(v) = -3*v**3 + v**2. Let d(x) = -9*x - 80. Let f be d(-9). Determine l(f).
-2
Let t(m) be the first derivative of m**3/3 + 5*m + 1. Suppose -316 = 3*o + 5*g + 92, -4*o + 3*g = 573. Let r = 141 + o. Calculate t(r).
5
Suppose 2*a - 4*m - 28 = -0*a, -17 = 2*a + 5*m. Let x(j) = 3*j - j**2 + 2*j**2 + a + 2*j. Suppose 3 = -o - 3. What is x(o)?
10
Let l(s) = s**2 - 14*s + 8. Let p be (45/(-10))/(((-3)/(-2))/(-3)). Determine l(p).
-37
Let i(x) = 7*x**3 + 19*x**2 - 19*x + 38. Let u(h) = -4*h**3 - 10*h**2 + 11*h - 19. Let s(k) = 3*i(k) + 5*u(k). Determine s(-8).
-29
Let y(m) = -7*m**2 - 2 + 17*m**2 - 4*m - 7*m**2 - 7*m**2 - 4*m**2. Give y(-2).
-26
Let n(i) = 1 + 1 - i**2 - 4*i**2. Let k = -1424 + 1426. Calculate n(k).
-18
Let u(b) = b**2 + b - 15. Let h(n) = n**2 + 7*n + 11. Let k be h(-5). Let s be 1 - k/(2 + -1). What is u(s)?
-15
Let w(g) = -g**2 + g - 1. Let k(y) = y**2 - y - 4. Let f be k(3). Suppose 5*n = 19*n. Suppose n*d = -d + f. Calculate w(d).
-3
Let o(x) be the first derivative of x**4/4 + 4*x**3/3 + 7*x**2/2 + 5*x - 554. Determine o(-4).
-23
Let m be 22/18 + (-6)/27. Let l(b) = 5*b**3 - 5*b**2 - 6*b + 3. Let s(o) = -4*o**3 + 7*o**2 + 9*o - 4. Let x(y) = 3*l(y) + 2*s(y). Calculate x(m).
7
Let q(l) = -10*l**2 - 4*l - 46. Let m(s) = 2*s**2 + 9. Let j(z) = -11*m(z) - 2*q(z). Determine j(5).
-17
Let t = 103 - 105. Let w(d) = 10*d**3 - 4*d**2 - 4*d + 4. Let g(j) = 3*j**3 - j**2 - j + 1. Let z(r) = -7*g(r) + 2*w(r). Determine z(t).
7
Let b = -149 - -148. Let t(g) = -13*g - 1. Calculate t(b).
12
Let d(q) = q**3 + q - 2. Let y(n) = 4*n**3 + 5*n**2 + 13*n - 10. Let j(v) = -5*d(v) + y(v). Determine j(6).
12
Let u(k) = 4*k**2 - k - 2. Let l = 25 + -21. Suppose 3*p + 18 = l*o, o + 4 = -5*p - o. Give u(p).
16
Suppose -5*k + 9*k - 40 = 0. Let u(f) = f**2 + k + 1 - 8*f - 5. Determine u(6).
-6
Let d(x) = x**3 - 3*x**2 + 4. Let n be d(3). Let r(j) = -7*j - n*j**3 + 5*j**3 - 7*j**2 - 11 + 0. Calculate r(8).
-3
Let o(v) be the first derivative of -v**3 + 2*v**2 - 2*v - 5. Let c(a) = 5*a**2 - 1. Let w be c(-1). Let f = 6 - w. What is o(f)?
-6
Let h = 100 + -110. Let j(x) be the first derivative of x**4/4 + 11*x**3/3 + 6*x**2 + 15*x - 31. What is j(h)?
-5
Suppose 3*s + 6 = 5*q, 0*q - 24 = -4*s - 4*q. Let y(v) = s*v**2 - 528*v + 528*v. What is y(1)?
3
Let p = -48 - -51. Let o be (3 - 2)*2*p. Let h(w) be the second derivative of w**3/6 + w**2 + w. Determine h(o).
8
Let l(r) = -7*r + 8. Let c(q) = -6*q + 5. Let a(x) = 6*c(x) - 5*l(x). Give a(-8).
-2
Let x(z) = -7*z + 51. Let p be 7 + -1 - (-167 - -165). What is x(p)?
-5
Let m(u) = u**3 - 5*u**2 + 7. Let z(i) = -i**2 + 6*i - 7. Let j be z(7). Let o = 29 + j. Suppose 8*x - 11*x = -o. Determine m(x).
7
Let c be 1*-11 + 9/3. Let s(x) = -24*x - 5. Let v(a) = -16*a - 3. Let z(m) = c*v(m) + 5*s(m). Determine z(2).
15
Let z(p) = -p - 1. Let d be z(-8). Let u(c) = 3*c**3 + 8*c**2 + 5*c - 3. Let m(l) = -10*l**3 - 25*l**2 - 16*l + 10. Let o(a) = d*u(a) + 2*m(a). Give o(-5).
9
Let k(n) be the third derivative of -n**6/120 + 2*n**5/15 - n**4/4 - n**3/6 + 2*n**2. Let u be -3 + -3*30/(-9). Determine k(u).
6
Let a(y) = y**2 - 6*y + 3. Suppose 7*f = -10*f + 119. Determine a(f).
10
Let x be (-8)/(-7)*91/26. Let m(d) = 5*d + x*d - d + 6 - 9*d. Suppose -6*b = -2*b. What is m(b)?
6
Let a be (2/4)/(13/(-156)). Let o(l) be the second derivative of -l**5/20 - l**4/2 + l**3/2 + 5*l**2/2 - 2*l + 4. Determine o(a).
-